6bd39 (base 14) in base 2?
1011010000110011001111
Convert 243210403 (base 5) to base 10.
1147603
18b93 (base 15) to base 14
21354
Convert -791d (base 16) to base 8.
-74435
What is 201381b (base 12) in base 11?
3428204
What is 324231012 (base 5) in base 14?
285b22
Convert aa14 (base 16) to base 12.
21244
Convert 25c4a (base 16) to base 4.
211301022
-556958 (base 12) to base 3
-2120001222112
What is 2422330 (base 5) in base 2?
1011000100011100
Convert 224901c (base 14) to base 9.
33623333
What is -775466 (base 9) in base 6?
-13532523
Convert -24624101 (base 7) to base 4.
-20133021230
Convert 6500201 (base 7) to base 11.
49a618
What is -9cc93 (base 15) in base 9?
-840403
Convert 61445 (base 10) to base 16.
f005
161516 (base 9) to base 2
11000010011101100
-256a0 (base 12) to base 7
-301653
What is -2a0d8 (base 15) in base 13?
-49703
Convert -42cbbf (base 16) to base 6.
-233454211
Convert -99920 (base 11) to base 13.
-50c20
What is -22211053 (base 6) in base 15?
-d3906
Convert 13616275 (base 8) to base 6.
150102113
Convert -262707 (base 8) to base 15.
-1c211
What is -361952 (base 14) in base 15?
-267ab8
2b5b6d (base 15) to base 6
112523234
What is 332330323 (base 4) in base 12?
105277
-49421 (base 11) to base 6
-1304534
What is -40244 (base 6) in base 7?
-21256
-3435134 (base 6) to base 4
-222333202
Convert -10352123 (base 6) to base 16.
-4bbd3
What is 5e537 (base 16) in base 9?
647877
Convert -21495 (base 13) to base 5.
-3410432
What is 216190 (base 10) in base 12?
a513a
What is -153025 (base 10) in base 8?
-452701
120213022 (base 5) to base 8
2072231
Convert -1634205 (base 7) to base 2.
-110111011101100001
What is 16cb853 (base 13) in base 2?
11100010100001110100110
Convert 132305025 (base 6) to base 12.
a72175
2526934 (base 10) to base 7
30323104
What is 2122120033 (base 4) in base 3?
1012010101211
What is 4001732 (base 9) in base 3?
11000001211002
What is -35bb6 (base 12) in base 8?
-215572
-11010001001010110 (base 2) to base 4
-122021112
What is 124022 (base 8) in base 16?
a812
Convert 11100110011100111 (base 2) to base 11.
80715
What is 563c4 (base 13) in base 4?
212033232
What is -20121120220 (base 3) in base 7?
-1051365
What is -1314210 (base 6) in base 15?
-165ec
-116935 (base 12) to base 7
-2251016
Convert 110110011001 (base 3) to base 2.
111011110100111101
What is -22c73 (base 15) in base 8?
-330330
111132344 (base 5) to base 6
14255124
Convert 500061 (base 7) to base 8.
244156
What is -214b04 (base 13) in base 3?
-1110201102111
Convert 3d9dba (base 14) to base 8.
10124200
Convert -1069a6 (base 16) to base 8.
-4064646
-46404521 (base 7) to base 6
-223113342
-3151534 (base 6) to base 16
-25c12
-22640022 (base 7) to base 4
-13212202032
What is -2043403240 (base 5) in base 16?
-41492a
What is 2749a01 (base 11) in base 8?
22056131
Convert -81ba6 (base 14) to base 4.
-1030100312
-22201063 (base 7) to base 11
-109989a
Convert 30026502 (base 8) to base 11.
3615629
What is -5a8018 (base 11) in base 2?
-11101010111100011100
-141124543 (base 6) to base 9
-5334620
Convert -747016 (base 13) to base 4.
-22122023311
What is -521302 (base 7) in base 15?
-1b704
Convert -5530151 (base 7) to base 8.
-2457220
Convert 5a852 (base 12) to base 7.
1016123
Convert -9ba510 (base 15) to base 12.
-25a1650
-4122440 (base 5) to base 6
-1235153
What is 24133532 (base 6) in base 2?
10111001010011100000
Convert 258c7 (base 13) to base 11.
48343
-3616 (base 15) to base 5
-331441
What is 156212b (base 12) in base 7?
52021052
Convert 75432 (base 9) to base 5.
3044200
ba72cc (base 13) to base 10
4385718
What is -22322660 (base 7) in base 14?
-3866d7
Convert 127e2 (base 15) to base 13.
20c0c
1939a6 (base 12) to base 5
103121222
Convert b046 (base 12) to base 14.
6d38
124235004 (base 6) to base 10
2446636
What is 11110110010100101 (base 2) in base 3?
20102000000
What is -1fdf9c (base 16) in base 6?
-112434352
19e3c (base 15) to base 2
10100100011101111
Convert 1000011101011000 (base 2) to base 11.
24039
Convert 44a768 (base 14) to base 16.
239ca8
1204005 (base 6) to base 9
105465
20122210122 (base 3) to base 8
400003
2541b (base 14) to base 2
10110010011100001
-2251350 (base 7) to base 13
-9b145
-20423000 (base 5) to base 14
-46139
What is -25131 (base 6) in base 7?
-13603
40165145 (base 8) to base 4
200032221211
Convert 111120100020122 (base 3) to base 12.
24b8a52
Convert -841262 (base 10) to base 8.
-3153056
What is -43607432 (base 8) in base 10?
-9375514
What is -cc4c8 (base 16) in base 15?
-117e23
Convert -8a3 (base 11) to base 14.
-573
-14a8485 (base 13) to base 6
-353445224
What is 10211212120111 (base 3) in base 7?
23243512
What is -1250230020 (base 6) in base 9?
-30852613
-1001101110011101000 (base 2) to base 5
-40144241
Convert -313a747 (base 11) to base 10.
-5533865
What is -112212200111100 (base 3) in base 6?
-441243313
Convert -12211222202 (base 3) to base 9.
-184882
What is -2032300311 (base 4) in base 7?
-4653555
Convert -14379a (base 12) to base 5.
-41304321
1011210020202 (base 3) to base 9
1153222
Convert 22541301 (base 7) to base 13.
542847
-2144150 (base 8) to base 7
-4615053
Convert -1344771 (base 13) to base 11.
-34727a2
-212133101231 (base 4) to base 5
-10040331311
Convert 3dc20 (base 15) to base 8.
603520
Convert -214e (base 15) to base 5.
-211144
Convert 1441554 (base 8) to base 9.
685054
What is -413310231 (base 5) in base 8?
-6363436
What is 1a392 (base 11) in base 6?
335315
-284184 (base 9) to base 4
-222121123
Convert -2111021 (base 5) to base 14.
-cb3a
Convert 89b7 (base 12) to base 6.
154351
Convert -3315216 (base 7) to base 8.
-1434053
What is -4517845 (base 9) in base 2?
-1001010010000101010010
45533 (base 10) to base 16
b1dd
What is -79276e (base 15) in base 10?
-5779679
5c19e (base 16) to base 6
12030302
What is -eb6e (base 15) in base 16?
-c2a5
Convert -5654325 (base 8) to base 9.
-2781766
-a7505 (base 13) to base 4
-1021230033
Convert 30026 (base 13) to base 5.
10220330
-1000001001000111111 (base 2) to base 12
-10a4a7
Convert -33330131 (base 5) to base 10.
-292541
451580 (base 9) to base 8
1017577
What is -255331 (base 8) in base 3?
-11111210122
Convert -10001111010111101000100 (base 2) to base 14.
-8a4100
Convert -9256e (base 15) to base 13.
-13302b
Convert -285094b (base 12) to base 15.
-a9563e
What is 773303 (base 8) in base 11?
1681a3
Convert -10010110001100111 (base 2) to base 8.
-226147
-44188 (base 13) to base 10
-123313
Convert -320000 (base 7) to base 10.
-55223
Convert -332109 (base 14) to base 8.
-6473415
Convert -25929 (base 11) to base 13.
-13b37
Convert 211527 (base 8) to base 7.
412334
What is -32210132330 (base 4) in base 3?
-21012001022012
1101001010100001011 (base 2) to base 15
87c31
What is -656432 (base 11) in base 5?
-232014031
Convert -3331220122 (base 4) to base 14.
-1d0854
-1b4410 (base 15) to base 14
-268d17
-5b47b9 (base 16) to base 6
-332115025
What is -2b1b6 (base 13) in base 7?
-456631
Convert -62b0c7 (base 14) to base 9.
-6241514
Convert 7930938 (base 10) to base 2.
11110010000010000111010
Convert -34b1a (base 13) to base 16.
-17861
What is 2200333123 (base 4) in base 13?
1a11b7
Convert 20252522 (base 9) to base 8.
45045704
11211101012 (base 3) to base 12
47005
Convert -1678713 (base 9) to base 11.
-590874
-101110110011010 (base 2) to base 6
-302534
-1012312302 (base 4) to base 11
-189062
Convert 222102102110 (base 3) to base 7.
4264200
-4a28199 (base 12) to base 6
-1234305113
What is 420a130 (base 11) in base 12?
259b042
Convert -8403857 (base 11) to base 4.
-320202211103
Convert 114023112 (base 5) to base 11.
334421
What is 4d506 (base 14) in base 9?
320058
Convert -16452044 (base 10) to base 15.
-169ea2e
Convert -243204 (base 11) to base 4.
-1131332021
Convert 110000201001201 (base 3) to base 6.
344552501
What is 367b7a (base 14) in base 2?
111000111011011100000
Convert 20300230303 (base 4) to base 13.
625468
110011100101011000011011 (base 2) to base 14
1b2001d
What is 1112010202110 (base 3) in base 4?
3011230032
323341014 (base 6) to base 16
580102
What is 49681 (base 10) in base 11?
34365
-12214706 (base 8) to base 4
-22101213012
What is -220110202022 (base 3) in base 4?
-1311212120
What is 1873264 (base 13) in base 3?
120001122112211
What is -1687251 (base 11) in base 16?
-2bb5e2
Convert -184778 (bas